{"id":18,"date":"2017-03-23T10:33:45","date_gmt":"2017-03-23T10:33:45","guid":{"rendered":"http:\/\/rakennusnokelainen.fi\/?page_id=18"},"modified":"2017-04-04T07:34:32","modified_gmt":"2017-04-04T07:34:32","slug":"etusivu","status":"publish","type":"page","link":"https:\/\/rakennusnokelainen.fi\/","title":{"rendered":"Etusivu"},"content":{"rendered":"<h2 id=\"test\"><\/h2>\n<h2 style=\"text-align: center;\"><strong>RAKENNUS NOKELAINEN OY<\/strong><\/h2>\n<p><strong>Rakennus Nokelainen Oy on vuonna 2011 perustettu Pohjois\u2013Karjalainen rakennusalan yritys.<\/strong><\/p>\n<p><strong>Toimimme Joensuun talousalueella ja l\u00e4hiymp\u00e4rist\u00f6ss\u00e4.<\/strong><\/p>\n<p><strong>Rakennusalan monipuolisena osaajana autamme asiakkaitamme, niin pienten, kuin suurtenkin kohteiden toteutuksessa.<\/strong><\/p>\n<p><strong>Yrityksille, taloyhti\u00f6ille ja yksityisille mm. <\/strong><\/p>\n<ul>\n<li><strong>Ovi, -ikkuna ja kalusteasennukset<\/strong><\/li>\n<li><strong>Rakennusten saneeraukset<\/strong><\/li>\n<li><strong>Kattomaalaukset<\/strong><\/li>\n<li><strong>Ulkoverhoukset<\/strong><\/li>\n<li><strong>Lis\u00e4l\u00e4mm\u00f6neristykset<\/strong><\/li>\n<li><strong>Kiinteist\u00f6nhoitoteht\u00e4v\u00e4t<\/strong><\/li>\n<li><strong>Pienetkin askareet\u2026<\/strong><\/li>\n<\/ul>\n<p><strong>\u00a0<\/strong><\/p>\n<p><strong>RAKENNETAANKO UUTTA VAI REMONTOIDAANKO VANHAA?<\/strong><\/p>\n<p><strong>Yrityksemme tarjoaa kokonaisvaltaista rakentamista ja remontointia, jossa ty\u00f6laadun merkitys on eritt\u00e4in suuri.<\/strong><\/p>\n<p><strong>Meille on syd\u00e4men asia, ett\u00e4 saavumme paikalle sovitusti ja suoriudumme ty\u00f6st\u00e4 aikataulun mukaisesti.<\/strong><\/p>\n<p><strong>Ammattimiehet pit\u00e4v\u00e4t huolen siit\u00e4, ett\u00e4 jokainen urakka koosta riippumatta toteutetaan mahdollisimman nopeasti, huolella ja ammattitaidolla.<\/strong><\/p>\n<p><strong>\u00a0<\/strong><\/p>\n<p><strong>OLI KYSEESS\u00c4 KAAPIN KASAUS, TALON REMONTOINTI, UUDISRAKENNUS TAI IKKUNAN VAIHTO, OTA YHTEYTT\u00c4!<\/strong><\/p>\n<p><strong>TY\u00d6T OVAT KOTITALOUSV\u00c4HENNYSKELPOISIA.<\/strong><\/p>\n<p><strong> RAKENNUS NOKELAINEN OY<\/strong><\/p>\n<p><strong>0500 994\u00a0022 \/ PASI NOKELAINEN<\/strong><\/p>\n<p><strong>\u00a0<\/strong><\/p>\n<p><strong>\u00a0<\/strong><\/p>\n","protected":false},"excerpt":{"rendered":"<p>RAKENNUS NOKELAINEN OY Rakennus Nokelainen Oy on vuonna 2011 perustettu Pohjois\u2013Karjalainen rakennusalan yritys. Toimimme Joensuun talousalueella ja l\u00e4hiymp\u00e4rist\u00f6ss\u00e4. Rakennusalan monipuolisena osaajana autamme asiakkaitamme, niin pienten, kuin suurtenkin kohteiden toteutuksessa. Yrityksille, taloyhti\u00f6ille ja yksityisille mm. Ovi, -ikkuna ja kalusteasennukset Rakennusten saneeraukset Kattomaalaukset Ulkoverhoukset Lis\u00e4l\u00e4mm\u00f6neristykset Kiinteist\u00f6nhoitoteht\u00e4v\u00e4t Pienetkin askareet\u2026 \u00a0 RAKENNETAANKO UUTTA VAI REMONTOIDAANKO VANHAA? Yrityksemme tarjoaa kokonaisvaltaista &hellip;<\/p>\n","protected":false},"author":1,"featured_media":0,"parent":0,"menu_order":0,"comment_status":"closed","ping_status":"closed","template":"template-front-page-hero-image.php","meta":[],"_links":{"self":[{"href":"https:\/\/rakennusnokelainen.fi\/index.php?rest_route=\/wp\/v2\/pages\/18"}],"collection":[{"href":"https:\/\/rakennusnokelainen.fi\/index.php?rest_route=\/wp\/v2\/pages"}],"about":[{"href":"https:\/\/rakennusnokelainen.fi\/index.php?rest_route=\/wp\/v2\/types\/page"}],"author":[{"embeddable":true,"href":"https:\/\/rakennusnokelainen.fi\/index.php?rest_route=\/wp\/v2\/users\/1"}],"replies":[{"embeddable":true,"href":"https:\/\/rakennusnokelainen.fi\/index.php?rest_route=%2Fwp%2Fv2%2Fcomments&post=18"}],"version-history":[{"count":18,"href":"https:\/\/rakennusnokelainen.fi\/index.php?rest_route=\/wp\/v2\/pages\/18\/revisions"}],"predecessor-version":[{"id":329,"href":"https:\/\/rakennusnokelainen.fi\/index.php?rest_route=\/wp\/v2\/pages\/18\/revisions\/329"}],"wp:attachment":[{"href":"https:\/\/rakennusnokelainen.fi\/index.php?rest_route=%2Fwp%2Fv2%2Fmedia&parent=18"}],"curies":[{"name":"wp","href":"https:\/\/api.w.org\/{rel}","templated":true}]}}